483*t - 176*t - 946*t - 8. Is f(-1) a prime number?
True
Suppose 267315319 + 106790799 = 215*u + 10763213. Is u prime?
True
Suppose 0 = -o + 6 - 9. Let g be o*1 + (-3)/((-21)/14). Let i(s) = -1890*s**3 - s**2 - 2*s - 2. Is i(g) prime?
True
Let t(m) = -m**2 + 11*m - 28. Let f be t(9). Is 96/15 + -6 + (-127906)/f a prime number?
True
Let f = 1095 - 619. Let i be 4516/48 + 10/(-120). Let r = f - i. Is r a composite number?
True
Suppose 79*h - 78*h = 33. Let g = 38 - h. Suppose g*v + 2*l = -l + 3211, -2*l = -v + 637. Is v prime?
True
Let r(x) = 481*x**2 + 73*x - 71. Is r(-13) prime?
False
Let y(x) = x**2 + 88*x + 492. Let j be y(-82). Suppose 6 = -0*n + 2*n. Suppose j = -5*h - 3*r + 578, -n*h + 101 + 249 = 5*r. Is h prime?
False
Let i(l) = -5876*l - 3. Let k be i(-1). Suppose -2*o + 5*o + r - k = 0, -4*r + 9779 = 5*o. Suppose 5*t - o - 8296 = 0. Is t composite?
True
Let n be (1136888/12)/(2/(-3)). Let f = -80490 - n. Is f a prime number?
False
Suppose 3*u - 169949 = 58*v - 60*v, -2*u = 10. Is v prime?
False
Suppose -3 + 0 = -3*g - 3*x, 3*g + 9 = x. Let z be g/(-5) + (-72)/(-20). Is 1277*(z + -3)/1 a prime number?
True
Suppose -40*c + 31*c = 250920. Let s = 68339 + c. Is s composite?
False
Is (-14 - (-588)/36)/((-1)/(-215157)) a composite number?
True
Suppose 0 = -18*h + 718006 + 1007636. Is h prime?
True
Let g(c) = 6*c**3 - 5*c**2 + 7*c - 9. Let m = -87 - -96. Suppose 20 + m = 5*z - l, -3*z + 15 = -3*l. Is g(z) prime?
False
Let u be ((-12)/14)/((-12)/(-84)). Is (-10)/(-15) + (-8810)/u a prime number?
False
Let u(x) be the first derivative of -6*x + 13/3*x**3 + 28 - 2*x**2. Is u(-13) a composite number?
False
Suppose 0 = -q + 3*r - 10449, -2*q - 11595 = 4*r + 9323. Let v be (q/(-6) + 2)*64/12. Let y = 13137 - v. Is y prime?
True
Let i = 4737 + -3046. Suppose 0 = y - 4*n - i, 6859 = 4*y - 0*y + 3*n. Is y composite?
True
Let j(u) be the third derivative of 653*u**8/20160 - u**7/1260 + u**6/144 - u**5/3 + 23*u**2. Let n(b) be the third derivative of j(b). Is n(2) prime?
True
Let g = -304 + 764. Suppose g*y - 463*y = -573. Is y composite?
False
Suppose -11*h - 88 = -11. Is (((-2618)/33)/h)/((-2)/(-2559)) prime?
False
Suppose -153808 = -2*r - 3*w, 3*w - 76899 = -r - w. Is r composite?
False
Suppose -4*g = 8*x - 1165572 - 945180, 3*x - 3*g = 791523. Is x a composite number?
False
Let c = 174 + 57. Is 1 - 2769/(-7) - (-99)/c composite?
False
Let d(z) = -5*z - 186. Let u be d(-26). Is 290956/28 + (-4)/u*-4 a prime number?
True
Let k be 19/4*(2 + -6 + 0). Let a = 25 + k. Suppose o + 4*r = 639, -o + a*r = 2*r - 607. Is o composite?
True
Suppose -2*m + 4*i = -i + 795, -5 = -i. Let h = m + 2954. Is h a composite number?
True
Suppose 11806676 + 16712931 = 64*s - 4764297. Is s prime?
False
Let q = 6289 + 258. Is q a composite number?
False
Let m(j) = j**3 + 2*j**2 - j + 6. Let f be m(-3). Suppose f = -0*s - s + 9755. Is s a prime number?
False
Let q(w) = 127794*w**3 - 36*w**2 + 72*w - 11. Is q(2) a composite number?
False
Suppose 6*u - u - 989965 = 6*q, 0 = -4*u - 2*q + 791972. Is u composite?
True
Suppose -20*b - 7*b + 9914788 = 2723905. Is b a prime number?
False
Let m be (212/(-8))/(8/(-16)). Suppose 59*t - 9582 = m*t. Is t composite?
False
Let y(u) = 9*u**2 + 6 - 19 - 3*u**2. Suppose 2*v - 60*t - 19 = -59*t, 41 = 4*v + t. Is y(v) a prime number?
True
Let g = -147 - -83. Let q = 68 + g. Suppose -4*w + 4*a = -7932, -8 - q = -3*a. Is w a composite number?
False
Let p be 1 - 4/6*-3. Suppose -80*z + 4 = -25*z + 4. Suppose -6682 = -y + 3*r, -p*y + z*r - r = -20016. Is y prime?
True
Suppose -1802915 = -61*v + 342882. Is v a composite number?
True
Let y(a) = 7*a**2 + 10*a + 6. Let g be y(-11). Let v = 5301 - 3477. Let t = v - g. Is t a prime number?
False
Let x(f) = -4093*f - 59 - 10531*f - 15358*f. Is x(-2) prime?
False
Let j be -6*(2 + 28/(-7)). Is j - (-12)/(-2) - -2197 composite?
False
Let l(q) = -3*q + 2. Let w(p) = -p**2 + 9*p - 5. Let n(b) = -8*l(b) - 3*w(b). Suppose -6 = c + 10. Is n(c) prime?
False
Let k(v) = -6*v**3 - 3*v**2 - 5*v + 35. Let j be k(5). Let d be 444/((4/(-3))/(-4)). Let u = d + j. Is u prime?
False
Let r(i) = -7*i + 13*i**2 + 17 - 23*i**2 + 6 + 6*i**2. Let z(k) = -11*k**2 - 21*k + 68. Let x(t) = -17*r(t) + 6*z(t). Is x(12) prime?
False
Suppose -7*f + 2*f = 5*w - 3315, 4*w + 1326 = 2*f. Let v be -4*(f/(-12) + -1). Suppose 2*r + 71 = v. Is r a prime number?
False
Suppose 16*f + 275820 = 18*f - 2*b, -f - 3*b + 137890 = 0. Is f composite?
True
Let z = -17 + 21. Let l be (z*(-1)/(-5))/(10/100). Suppose -l*r - 542 = -2886. Is r composite?
False
Suppose 2*o - 10 = 2*p, 11*o - 12*o - 20 = 4*p. Let h(z) = -1 - 5 - 80*z + 3. Is h(p) composite?
False
Let i = 6301 + -3572. Suppose -v - 534 = -i. Is v prime?
False
Suppose -3*a - 113625 + 305679 = -3*l, 0 = 3*l - 3. Is a composite?
False
Let d(b) = -1070*b**2 + 155*b + 11. Let h(u) = -1068*u**2 + 167*u + 12. Let f(c) = -14*d(c) + 13*h(c). Let k = -4 - -3. Is f(k) composite?
False
Suppose 0 = 2*o - 4*o + 3*c + 9531, 5*o - 23820 = 5*c. Suppose -12*j - 3*l = -7*j - 23828, j - 4*l = o. Is j a prime number?
False
Let k(s) = -162*s**3 + 26*s**2 + 200*s - 37. Is k(-15) composite?
True
Let s(a) = -3*a**2 + 13*a + 6. Let l be s(4). Suppose 8*v - 4*x = 12*v - 18264, -2*x = -l. Is v a composite number?
False
Let x = 93 + -79. Let r(c) = -2*c**2 + 7 - 584*c**3 - 9*c**2 + x*c + 8 + 586*c**3. Is r(10) prime?
False
Let h be 10/(-40) - 9/(-4). Suppose 3*n + 12 = 0, 5*n + 2634 = h*l + 350. Suppose l = 9*p + 331. Is p prime?
True
Let q(h) = 68862*h**2 + 28*h - 30. Is q(4) composite?
True
Let i(f) = 5*f**2 + 40*f - 15*f - 19 + 18*f**2 - 16*f. Is i(-9) a composite number?
True
Let w(g) = -767*g - 23. Let m be w(14). Let j = m - -20048. Is j a prime number?
False
Let n(c) = 3*c - 20. Let i be n(8). Let b(o) = -o**3 + 8*o**2 - 3*o - 18. Let y be b(7). Suppose 3*v - 937 = 4*a, a - 1234 + y = -i*v. Is v a composite number?
False
Suppose j + 2*n - 208 = -2*n, -2*j + 5*n + 455 = 0. Suppose 226*l - 184434 = j*l. Is l a prime number?
False
Suppose 654 - 144 = 10*b. Let s = b + -32. Suppose s*r - 22782 = -4295. Is r composite?
True
Let w = -1257 + -643. Let c = 3714 + w. Let i = -949 + c. Is i composite?
True
Suppose 5*r - 143 - 367 = 0. Suppose -171 = -2*b + 319. Let m = b + r. Is m prime?
True
Suppose -7*i = -14*i - 14. Is ((-2)/i)/(-1*4/(-15256)) composite?
True
Suppose -36*a + 4*g - 24 = -40*a, -3*g + 9 = 0. Suppose -n = 2*i - 6515, 31*n - 29*n - a*i = 13051. Is n prime?
True
Suppose 15 + 0 = 5*t. Is t/12*(-2 + -1 + 1951) prime?
True
Let n(j) = -629*j + 4765. Is n(0) a composite number?
True
Let b(g) = -57*g + 1. Let f be b(-1). Let l = 56 - f. Is (-5)/(-20) - l*(-27801)/(-24) composite?
True
Suppose 0 = -3*i - 0*k - 2*k + 13, k = -1. Let y(q) = 137*q**2 + 252*q + 9. Let b be y(-6). Suppose 0 = 2*j - 2, -b = -3*u - i*j - 1141. Is u composite?
False
Suppose 5*u = -2*q - 0*u + 55258, 4*q = 2*u + 110444. Is q prime?
False
Let a = 63 + -16. Suppose -f = 5*u - 67, -4*u + 3*f + 18 = -a. Is 53666/14 - 4/u a composite number?
False
Let w = 6053 - 4112. Let a = w - 1358. Is a a prime number?
False
Let v = -6484 + 12216. Let r = 10153 - v. Is r prime?
True
Suppose 139743 + 42697 = 8*f. Is f a prime number?
False
Suppose q + 17 = 4*q - 4*h, q - 1 = -h. Suppose -5*y + 4*g + 98 = 0, y - 66 = -q*y - 3*g. Is 6684/y*3/2 a composite number?
False
Let b = 21 - 21. Let i(p) = 6*p - 481. Let q(u) = -5*u + 481. Let f(y) = 3*i(y) + 4*q(y). Is f(b) composite?
True
Let t(g) = 194*g - 1105. Is t(28) composite?
False
Let i = -175258 - -575495. Is i a composite number?
False
Suppose 2*r - 4*s = 856, 2*r - 4*s = -3*r + 2122. Suppose x - 2207 = r. Is x a composite number?
True
Let a be (-27 + -4 + (3 - 1))*1. Let d = a + 35. Suppose 310 = d*p - 254. Is p composite?
True
Suppose -21*u + 3921 = 29184. Is (2/3 + (-25)/15)*u prime?
False
Let q(n) = 223*n**2 + 158*n + 83. Is q(-14) composite?
False
Suppose 0*b + 2*b = 30. Suppose v = -3*j - 0*v + b, -4*v = 2*j - 10. Suppose j*w - 9*w = -812. Is w a prime number?
False
Suppose 5*d - 26124780 = -11*t + 5590242, 0 = -5*d - 35. Is t a composite number?
False
Let f(m) = m**2 - 7*m + 4. Let k be f(7). Let x(y) = -y + 15*y - 13 + k*y. Is x(4) a composite number?
False
Is (-353956)/(-28) + (230/(-70) - -3) composite